 (base 6) to base 12.
-4a
Convert -95 (base 16) to base 8.
-225
Convert 12 (base 4) to base 8.
6
Convert -8 (base 10) to base 7.
-11
3 (base 8) to base 14
3
Convert 6 (base 12) to base 16.
6
What is -131 (base 4) in base 12?
-25
Convert -315 (base 6) to base 13.
-92
Convert 74 (base 15) to base 12.
91
What is -11 (base 4) in base 10?
-5
What is -16 (base 10) in base 12?
-14
-2 (base 9) to base 14
-2
What is -1 (base 4) in base 12?
-1
-9 (base 13) to base 12
-9
Convert 5 (base 7) to base 13.
5
What is -1 (base 7) in base 9?
-1
What is 100 (base 2) in base 14?
4
Convert -230 (base 7) to base 8.
-167
23 (base 16) to base 15
25
What is 110 (base 2) in base 15?
6
What is -11 (base 14) in base 11?
-14
-2 (base 11) to base 3
-2
Convert -1000 (base 4) to base 14.
-48
-4 (base 15) to base 5
-4
2 (base 14) to base 2
10
2222 (base 3) to base 13
62
Convert 1001 (base 2) to base 13.
9
What is -a7 (base 16) in base 3?
-20012
Convert -24 (base 8) to base 4.
-110
What is 0 (base 15) in base 16?
0
Convert -311 (base 5) to base 9.
-100
Convert e (base 15) to base 8.
16
Convert 1 (base 10) to base 15.
1
0 (base 11) to base 9
0
What is -11100 (base 2) in base 5?
-103
What is 8 (base 10) in base 12?
8
What is -4 (base 16) in base 12?
-4
What is 0 (base 8) in base 13?
0
What is 233 (base 7) in base 13?
95
Convert 3 (base 12) to base 7.
3
10010110 (base 2) to base 4
2112
What is 2 (base 14) in base 10?
2
Convert 2 (base 3) to base 13.
2
What is -120100 (base 3) in base 10?
-414
231 (base 10) to base 3
22120
Convert 112 (base 4) to base 13.
19
What is -303 (base 4) in base 3?
-1220
What is -9 (base 12) in base 5?
-14
What is 28 (base 11) in base 9?
33
What is c7 (base 13) in base 4?
2203
-ec (base 16) to base 3
-22202
Convert -10011111 (base 2) to base 9.
-186
Convert 0 (base 14) to base 8.
0
What is 32 (base 7) in base 4?
113
-3 (base 12) to base 5
-3
-1 (base 3) to base 2
-1
What is 1 (base 7) in base 16?
1
Convert -1e (base 16) to base 2.
-11110
11000 (base 2) to base 10
24
What is -2 (base 15) in base 11?
-2
What is 1111 (base 2) in base 4?
33
What is -1112 (base 3) in base 8?
-51
6 (base 15) to base 3
20
Convert -23 (base 9) to base 13.
-18
14 (base 7) to base 12
b
-200 (base 4) to base 14
-24
What is -70 (base 10) in base 4?
-1012
Convert -1 (base 6) to base 2.
-1
Convert -32 (base 5) to base 2.
-10001
Convert -137 (base 8) to base 2.
-1011111
-123 (base 7) to base 12
-56
-6 (base 11) to base 3
-20
2 (base 6) to base 4
2
What is -4 (base 5) in base 10?
-4
What is -106 (base 12) in base 13?
-b7
What is 382 (base 9) in base 12?
225
Convert 2 (base 3) to base 16.
2
What is -3 (base 7) in base 13?
-3
What is 0 (base 6) in base 2?
0
What is 1 (base 12) in base 5?
1
Convert 1 (base 14) to base 10.
1
Convert 2 (base 11) to base 15.
2
9 (base 13) to base 11
9
-3 (base 15) to base 7
-3
What is 110 (base 5) in base 2?
11110
Convert -2 (base 10) to base 4.
-2
What is 3 (base 16) in base 3?
10
-21 (base 9) to base 6
-31
a8 (base 15) to base 10
158
0 (base 7) to base 11
0
Convert 1000 (base 2) to base 9.
8
-31 (base 8) to base 12
-21
Convert -29 (base 16) to base 13.
-32
What is -7 (base 12) in base 4?
-13
-1 (base 10) to base 14
-1
4 (base 8) to base 6
4
-414 (base 7) to base 15
-dc
What is -4 (base 16) in base 7?
-4
Convert -6 (base 9) to base 14.
-6
-240 (base 7) to base 11
-105
Convert 2 (base 7) to base 12.
2
What is 33 (base 4) in base 10?
15
Convert 3 (base 11) to base 7.
3
-b (base 13) to base 15
-b
-4 (base 6) to base 9
-4
What is 11 (base 5) in base 2?
110
-db (base 16) to base 14
-119
Convert 4 (base 6) to base 5.
4
-34 (base 5) to base 15
-14
What is 2 (base 7) in base 8?
2
-40 (base 10) to base 2
-101000
35 (base 7) to base 3
222
What is -7c (base 16) in base 7?
-235
Convert -422 (base 5) to base 3.
-11011
Convert -2 (base 16) to base 2.
-10
What is 0 (base 8) in base 6?
0
Convert 13 (base 12) to base 6.
23
Convert -2 (base 13) to base 11.
-2
13 (base 15) to base 3
200
1 (base 12) to base 16
1
Convert -17 (base 11) to base 6.
-30
Convert 35 (base 6) to base 16.
17
-44 (base 5) to base 7
-33
Convert -2 (base 16) to base 4.
-2
17 (base 15) to base 5
42
-1 (base 9) to base 14
-1
What is -130 (base 11) in base 7?
-310
Convert 32 (base 6) to base 15.
15
Convert -60 (base 13) to base 16.
-4e
-2 (base 13) to base 7
-2
What is 0 (base 5) in base 7?
0
What is 9 (base 13) in base 2?
1001
Convert -26 (base 16) to base 2.
-100110
233 (base 6) to base 2
1011101
Convert 1 (base 3) to base 7.
1
1ac (base 14) to base 9
426
164 (base 11) to base 5
1231
13 (base 15) to base 10
18
Convert -4 (base 14) to base 8.
-4
What is -1 (base 16) in base 12?
-1
What is 11b (base 14) in base 10?
221
What is 3 (base 7) in base 2?
11
Convert a (base 15) to base 11.
a
What is -161 (base 10) in base 5?
-1121
Convert 5 (base 16) to base 3.
12
What is -1 (base 5) in base 15?
-1
Convert -10 (base 2) to base 4.
-2
Convert -10 (base 5) to base 4.
-11
Convert -34 (base 7) to base 5.
-100
Convert 13 (base 10) to base 8.
15
-1 (base 6) to base 16
-1
What is 1133 (base 4) in base 14?
6b
Convert -46 (base 9) to base 11.
-39
a (base 16) to base 12
a
What is -6 (base 7) in base 10?
-6
2 (base 7) to base 11
2
What is 111 (base 10) in base 15?
76
What is -2 (base 12) in base 3?
-2
-410 (base 5) to base 15
-70
-1 (base 5) to base 9
-1
What is -4 (base 8) in base 13?
-4
-21 (base 7) to base 12
-13
Convert -4 (base 9) to base 15.
-4
What is 104 (base 12) in base 16?
94
What is 10112 (base 3) in base 16?
5f
54 (base 6) to base 8
42
0 (base 8) to base 14
0
What is -160 (base 8) in base 7?
-220
-24 (base 11) to base 3
-222
Convert -34 (base 7) to base 9.
-27
Convert -2 (base 11) to base 12.
-2
What is -6 (base 10) in base 9?
-6
What is -32 (base 13) in base 10?
-41
Convert -1a (base 16) to base 2.
-11010
Convert -100001 (base 2) to base 12.
-29
What is -42 (base 11) in base 8?
-56
What is -3 (base 11) in base 16?
-3
Convert 123 (base 7) to base 5.
231
Convert 323 (base 4) to base 6.
135
Convert -67 (base 10) to base 16.
-43
Convert -1 (base 12) to base 4.
-1
What is -140 (base 15) in base 6?
-1153
Convert 4 (base 15) to base 14.
4
-18 (base 11) to base 4
-103
What is -10 (base 2) in base 12?
-2
What is -20 (base 7) in base 8?
-16
What is -5 (base 13) in base 7?
-5
Convert -1 (base 15) to base 11.
-1
What is -101 (base 3) in base 4?
-22
What is -112 (base 5) in base 13?
-26
Convert -1 (base 16) to base 4.
-1
8 (base 12) to base 14
8
-3 (base 8) to base 16
-3
What is 9 (base 12) in base 14?
9
What is -1100 (base 2) in base 4?
-30
What is -11 (base 3) in base 10?
-4
What is -8 (base 13) in base 2?
-1000
What is 0 (base 14) in base 16?
0
-3 (base 12) to base 8
-3
Convert -2 (base 7) to base 10.
-2
What is 109 (base 14) in base 9?
247
65 (base 12) to base 16
4d
11 (base 4) to base 16
5
21 (base 9) to base 16
13
-11012 (base 3) to base 6
-305
What is 8 (base 14) in base 12?
8
Convert -116 (base 10) to base 8.
-164
What is -444 (base 6) in base 11?
-147
3 (base 12) to base 9
3
-16 (base 12) to base 5
-33
8 (base 10) to base 14
8
What is -7 (base 9) in base 13?
-7
-1011 (base 2) to base 7
-14
12 (base 7) to base 3
100
-3 (base 6) to base 13
-3
What is -3 (base 11) in base 14?
-3
What is -43 (base 13) in base 15?
-3a
Convert 21 (base 12) to base 14.
1b
Convert -3 (base 11) to base 7.
-3
-a (base 13) to base 16
-a
What is 126 (base 16) in base 7?
600
Convert 32 (base 5) to base 3.
122
What is -100010000 (base 2) in base 6?
-1132
What is 63 (base 14) in base 15?
5c
233 (base 5) to base 10
68
Convert c8 (base 13) to base 5.
1124
Convert -61 (base 11) to base 12.
-57
Convert 50 (base 7) to base 13.
29
60 (base 10) to base 7
114
Convert -121 (base 7) to base 16.
-40
Convert -110 (base 9) to base 3.
-10100
What is 73 (base 9) in base 14?
4a
Convert 111 (base 3) to base 9.
14
2 (base 5) to base 4
2
Convert -2 (base 5) to base 9.
-2
Convert 11 (base 3) to base 11.
4
Convert -105 (base 12) to base 14.
-a9
1 (base 12) to base 9
1
What is 38 (base 14) in base 11?
46
10 (base 3) to base 10
3
Convert 1 (base 12) to base 8.
1
What is 206 (base 7) in base 10?
104
20 (base 11) to base 2
10110
Convert a (base 15) to base 3.
101
-14 (base 13) to base 3
-122
-81 (base 9) to base 13
-58
-3 (base 15) to base 10
-3
What is 10001111 (base 2)